 (84 - (-26 - 22))) + 8.
-149
What is 264506 + -264507 + -2 + (2 - 3 - 40) + 1?
-43
What is (2 - -3) + (-15 - ((-34 - 4) + -10))?
38
What is (179 - 152) + (0 - (9 + -12))?
30
24 + 4 + -19 + (19 - 26)
2
Evaluate 16 - (15 + -39 + 72).
-32
Calculate 10 + (-17 - -3) + 7 - (-50 - -1).
52
Calculate -40 + 3 + 3 + -3 + -2 - -2.
-37
(-4 - (16 + 4 + -24)) + (-2 - (1 - -14))
-17
Evaluate (97 - (95 - 10)) + -11.
1
What is (-4 - -2) + -32 + -64 + 64 + -5?
-39
What is the value of 22 + -19 - -14 - (0 - 4)?
21
Evaluate (-8 - 12) + 6 - -10 - 6 - (-5 - -5).
-10
What is the value of (-65 - -41 - -69) + 3 - 45?
3
What is -15 - (4 + 69 + -14 - 8)?
-66
What is the value of (-2 - ((3 - 6) + 6) - (-12 + 15)) + 21?
13
What is -8 + -1 + (24 - (30 + -48) - -19)?
52
What is -67 + (-17 + -1 - (58 + 2 - 81))?
-64
(-1145 - -1213) + (-68 - 4) + 0 + (0 - -152)
148
Evaluate 90 - (67 + 9) - (1 + -9).
22
Calculate (-1 - (-3 + -2)) + (170 - 161) + -105.
-92
65 - (-14 + (-16 - 1) + 53)
43
What is the value of (-39 - -26 - -71) + 0 + -7 + -15?
36
0 + (8 - -10 - ((5 - 8) + -4)) + -10
15
5389 - 5341 - (-23 + 2 + 0)
69
Evaluate (-18 - 11) + 5 + (-8 - -13 - 19) + 6.
-32
Evaluate -169 - -45 - (-11 - (-9 + 7) - 4).
-111
Evaluate 18 + 58 + -68 - 35.
-27
What is (-5 - -5) + (-23 - (29 - 13))?
-39
What is the value of -79 + 0 + (-10 - (-103 + 111) - (-11 - 1))?
-85
(-92 - -64) + -40 + 85
17
Evaluate 1 + -11 + 6 - (-51 + 0) - (-102 - -97).
52
What is (7 - (-1 + 33)) + (2 - -11)?
-12
What is -49 + 0 + -5558 + 5591?
-16
-16 - (-28 - (-5 - (6 - 60)))
61
Calculate -28 + 50 - (20 + 0) - (-2 + 3 + 33).
-32
Calculate 48 - (-16 + 0 - -8).
56
What is (23 - (-153 + 152)) + 2 + -20?
6
What is the value of 4 + (73 - 156 - -91) + -22 + -1 + 1?
-10
What is 4 + (17 - (0 - (8 + 18)))?
47
Evaluate 58 + (30 - (15 - (6 + -18))).
61
What is the value of 34 + (-1377 + 1263 - (-36 - 1))?
-43
What is -66 - ((27 - 77) + 40)?
-56
What is (94 - (133 + -73)) + 5?
39
Evaluate (14 - 1) + -24 + (-16 - -18) + 13 + 78.
82
What is 139 + -252 + 57 - -134?
78
What is 1 - ((536 - 526) + -24 + 0 + 2)?
13
Calculate (-9 - -7 - 0 - 7) + 1 + -1.
-9
Evaluate (-4 - -1) + 0 + 13 + (-55 + 25 - -53).
33
(-3 - ((-1 - -35) + -23)) + 0 + 143
129
What is the value of -92 + 160 + -52 + 32?
48
88 - 43 - 35 - (54 + -1)
-43
What is 13 + -6 + (18 - (-18 - (-7 - 2)))?
34
Evaluate 50 + (-10 - -3) + (2 - -12) + (-176 - -165).
46
What is (0 + 47 - -2) + (-12 - (-28 + 49 + -33))?
49
(-3 - -8 - (13 - (27 - -32))) + -14
37
(6 - 12) + -31 - (12 - (-46 - -43))
-52
What is the value of -12 + -2 + 1 + (23 - (27 + 17 - 0))?
-34
What is 50 - 1 - (-24 - (-93 - -55))?
35
What is 16 + (-7 - -6) + (17 + -14 - 17)?
1
Calculate 6 + -50 + 17 - -19.
-8
What is the value of -62 + 111 + -42 - (1 + -2 + 3 - -23)?
-18
What is the value of -118 + (22 + -4 + -26 - -31)?
-95
What is the value of 257 - 293 - (-3 - 23)?
-10
What is 6472 - 6449 - (0 + 20 - -1)?
2
(-16 - (-15 + (-59 - -11))) + -2
45
What is the value of 7 + 0 + -40 + 43 + -18 + 4 - 92?
-96
What is the value of -1 + 13 + -3 - (34 + 14)?
-39
What is the value of -211 - -237 - (44 + -1)?
-17
What is 113 - 99 - (-16 - 3 - -12)?
21
Evaluate -1 - (0 - 3) - 0 - (32 + 26 - 17).
-39
Evaluate (16 - 2) + (-248 - -225) + 0.
-9
Calculate (-17 - 0) + (28 - (96 + -102)).
17
What is the value of 15 - (-640 + 638 + (1 - -7))?
9
What is the value of -41 + 32 + (-30 - -24) + 0 + 5?
-10
What is (-7 - (65 - 2 - 7) - -10) + 9 + -2?
-46
What is 2 + -3 + 3 - (19 - ((39 - 28) + -20))?
-26
Evaluate -16 + (-3 - (-15 - -2)) + (-25 - -22) + 4.
-5
Calculate (-7 - 65) + 51 + 91.
70
What is -8 + 2 + -8 + (2 + -4 - -6)?
-10
(-52 - (-77 - 47)) + -134
-62
What is 26 + -105 - (-1 + (-26 - -24))?
-76
What is -2 + (2 - -1) + (-320 - -283)?
-36
Calculate 27 - (4 + -20 - -92) - (13 - 1).
-61
What is the value of (56 + -67 - -13) + 0 + (-21 - 3)?
-22
Calculate (-67 - -68 - 57) + 70.
14
Calculate 0 - (24 + -45 + 23 - (83 - 5)).
76
What is the value of 29 - (201 + -163 - (1 + 7))?
-1
What is the value of (-37 - (-78 + -42 + 8)) + (5 - 2 - 2)?
76
-9 + (-3 - (-33 + 4 + 2 + 7 + -21))
29
15 - (143 + (-97 - -89))
-120
Evaluate (3 - 4) + (7 - (-59 - (-6 + -1))).
58
Calculate 13 + (6 - (-1 + 9 + (-8 - -10)) - -66).
75
What is the value of -145 - -171 - (3 + -7)?
30
6 + (17 - -9) + -26 + (2 - -65 - 0)
73
Calculate -73 + (62 - 31) + 16 + 116.
90
What is -2 + 11 + (12 - ((-3 - -22) + 108))?
-106
Calculate 6 + (-10 + (4 - (-16 - 6)) - (6 + 76)).
-60
Calculate -2 - (2 - -6) - (-61 - 2 - (13 - 21)).
45
(60 + -1 - 25) + -10
24
Evaluate (612 - 628) + 1 + 61 + -11 - -24.
59
What is the value of -42 + -9 + (-19 - (-12 - 13) - (-2 + -4))?
-39
What is -18 - (-24 + 57 + -36)?
-15
Evaluate -10 - 11 - -53 - (1 + -17).
48
What is -10 - (15 + -62 + -17 + 22)?
32
Evaluate -887 + 964 + 2 + -30.
49
What is 6 - (10 + 24 + 2 + -40)?
10
-4 + -2 + (-13 - (0 - 9 - 5))
-5
Calculate (-20 - -24) + -30 + 93 - -7.
74
70 - (-20 - (-24 + (16 - 16)))
66
What is the value of -1 - ((-43 - -25) + (10 - 3)) - (-3 - 0)?
13
Calculate 6 - (10 + 6 + (42 - -1) + -1) - 6.
-58
Evaluate 43 + -27 + (13 + -1 - 6 - 12).
10
Calculate 46 - 37 - (-62 + 7 + 20).
44
Calculate (-10 - -50) + 16 + 54 + -218.
-108
What is the value of (40 - 7) + -11 + (10 - 33) + (24 - 1)?
22
Evaluate (9 - -2) + -4 + (-1 - 8) - -62.
60
(-11 - -82 - (0 - 3)) + (1062 - 1065)
71
Evaluate -17 + (4 + 17 + -31 - -1).
-26
Evaluate (-4 - (42 + -4)) + 34 + -34 - (4 - -2).
-48
-172 + 168 + (0 - 0) + (-3 - 48 - -5)
-50
What is the value of 58 + (2 - (35 - 17)) + -13 + 30?
59
-1 - 4 - (-8 - (7 + 0))
10
Evaluate -42 + 33 - (-39 - -32).
-2
Evaluate -99 - -97 - (-6 - -44).
-40
(-16 - (-20 + 10 + 1)) + (1 - 35) + -9
-50
(-48 - (8 - 15)) + 59 + -39
-21
What is the value of -23 + 31 - ((1 - 11) + -27)?
45
-2 - -107 - (67 - 16)
54
-18 - -34 - -65 - (7 - (-2 - -13))
85
What is the value of -7 + 31 - (2 - (18 - (14 - 6)))?
32
40 + (-12 - (-2 + 1 + 1)) + 0
28
-148 - (7 + -4 - -2 - 19) - (-21 + 10)
-123
Evaluate -251 - (82 - 228) - -89.
-16
Calculate ((230 - 238) + (0 - -7) - 17) + -70.
-88
0 + -1 + (1 - (1 + 2) - (-248 - -231))
14
(-207 - -80) + -18 - -106
-39
Calculate -9 + (-4 + -36 - ((12 - 13 - 7) + 8)).
-49
What is (105 - (25 + 24)) + (8 - (7 + -5))?
62
(56 - -10) + (-109 - -94)
51
Evaluate (-41 - -30 - (-2 + 0)) + (-38 - -1).
-46
What is the value of -28 + (-48 - -38 - -63)?
25
(26 - (-39 - -29)) + -25 - 116
-105
Evaluate -8 + (-1 - (-16 + -8 - -6) - 10) + -15.
-16
Evaluate (9 - 19) + -12 - (29 - (-96 + 24)).
-123
Calculate -205 + 64 + 73 + 1 + -3.
-70
Calculate 28 - 4 - (-1510 - -1510).
24
(119 - 1) + 11 + -15 + (3 + -11 - -9)
115
What is the value of 91 - (-6 + 5 + 5 + 97 + -97)?
87
What is -98 - (0 + -32 - (1016 - 1043))?
-93
Evaluate -83 + (18 - (9 - 27)) + -16.
-63
What is the value of -50 - (-15 + (-14 - -22) + 10 - 0)?
-53
(15 + (-8 - -3) - -7) + -58
-41
(-6 + 3 + 0 - -11) + -10 - (-15 + -5)
18
What is the value of 0 + 47 + (-88 - -80) + 20?
59
Evaluate 56 + 7 + -4 - -3 - (-136 - -107 - -27).
64
Calculate 21 - -57 - (-167 + 161).
84
What is (3 - ((21 - 7) + -59)) + (-23 - -4)?
29
Calculate 12 + -20 + 0 + (28 - -22).
42
What is the value of -15 + 28 + 32 + -54?
-9
Calculate (-109 - -1) + 15 + -18 + (1 - -4).
-106
Calculate -35 + 36 + -6 + 4 + (3 - 38) + 0.
-36
What is the value of 128 + (-87 - -85) + -35 + -1?
90
Calculate 4 + -14 + 7 + 6 + -12 + -48.
-57
What is 5 - (-2 - (10 + -9))?
8
What is -32 + -159 + 7 + 101?
-83
Evaluate -41 + 58 + -11 + -6 + 17.
17
-93 - (38 - (9 + (26 - 16)))
-112
Evaluate -8 + 1 + -3 - (-2 + -15 + 33).
-26
What is the value of 56 - 34 - 68 - -67?
21
Calculate 41 + -1 + (6 - -6 - 0 - 0).
52
Calculate -9 - -15 - (0 + 1) - 10 - (-92 - -40).
47
-107 - (11 - (64 - 4 - 40))
-98
1 - -10 - ((-646 - -562) + -1 + -2)
98
Evaluate (6 + -6 - -12) + (-42 - (-52 - -59)).
-37
Evaluate (16 - -59) + -6 + (-25 - -11).
55
What is the value of 32 + (41 + 21 - 135)?
-41
-16 - (18 + -26 + -1) - (1 + 25) - -4
-29
What is -2 + 15 + (1 - 18) + 24?
20
What is (167 - 146) + -18 - (28 + 0)?
-25
Evaluate -1 + 3 + -3 - (-9 - (-21 - -14)) - -50.
51
Evaluate (-30 + 0 + 30 - 101) + 15.
-86
Evaluate -20 - -1 - (43 - 19 - 38).
-5
Evaluate 35 + -72 + 21 + 48.
32
What is the value of (-116 - -240 - 97) + (1 - 11)?
17
Evaluate -8 - 5 - (-37 + 27)